10 + -1100101110?
101100010011001000
In base 8, what is 3040102 - 4?
3040076
In base 3, what is -2020222201100 - 10212?
-2020222212012
In base 3, what is -202021000211221 - -1?
-202021000211220
In base 4, what is 13 - -2230322031?
2230322110
In base 9, what is -1223173584 - -1?
-1223173583
In base 16, what is 9 + f8b9d5?
f8b9de
In base 2, what is -100010101010111 - 100100111000011?
-1000111100011010
In base 15, what is -6 + 1347b6e?
1347b68
In base 14, what is 238 + 4dbab7?
4dbd11
In base 11, what is 1410a9 - 37?
141072
In base 16, what is 11f12d - 4?
11f129
In base 5, what is -14043421 - 11?
-14043432
In base 13, what is -1 + 119c186?
119c185
In base 3, what is 1202 + 221110120212?
221110122121
In base 6, what is 41502354 + 4?
41502402
In base 8, what is -7161354 + 42?
-7161312
In base 9, what is -101 - -147043?
146842
In base 11, what is 351 + -21a7?
-1956
In base 4, what is -1121132120 + -20310?
-1121213030
In base 16, what is 1a606 - -6f?
1a675
In base 5, what is -2124 - 20301340?
-20304014
In base 5, what is 13 + 4113011311?
4113011324
In base 3, what is -202210 - 12010001?
-12212211
In base 7, what is -54230 + -116?
-54346
In base 9, what is 42 - 225472?
-225430
In base 15, what is 536cb - -343?
53a1e
In base 8, what is 77001377 - -5?
77001404
In base 12, what is -16 + -179b62a?
-179b644
In base 9, what is 41 - 471754?
-471713
In base 3, what is 201122200111212001 - -11?
201122200111212012
In base 5, what is -404 + -122043?
-123002
In base 2, what is 1111011100 + 1100000101100001?
1100010100111101
In base 8, what is 2 - 1406265?
-1406263
In base 16, what is 89224 + 3?
89227
In base 16, what is -87e - 1701?
-1f7f
In base 5, what is 10141144341231 - -3?
10141144341234
In base 2, what is -1101011110001 - 1011110001?
-1110111100010
In base 9, what is 165 - -64421?
64586
In base 9, what is -5 - -446084563?
446084557
In base 2, what is -10 - -1011101010000001010000011?
1011101010000001010000001
In base 8, what is -101751 + 20021?
-61730
In base 6, what is 0 - -3140232322?
3140232322
In base 2, what is 1000111100101110101010111 + -1?
1000111100101110101010110
In base 10, what is -86 + 943076?
942990
In base 7, what is 65 + -206341412?
-206341314
In base 14, what is -806831c - -4?
-8068318
In base 4, what is -1101332203 + -103?
-1101332312
In base 10, what is 65965432 - 0?
65965432
In base 13, what is 1863 + -2542?
-9ac
In base 2, what is 0 - 111111111010101001010110?
-111111111010101001010110
In base 16, what is -47dea9 - -13?
-47de96
In base 11, what is -1a33 - 2551?
-4484
In base 9, what is 465 + 6123806?
6124372
In base 14, what is 3 - -d27797?
d2779a
In base 9, what is 4181 + 1853?
6144
In base 3, what is -2211 - 101210220000?
-101210222211
In base 7, what is 1003 + 116566?
120602
In base 8, what is -244524 + -1344?
-246070
In base 11, what is -2a - -98093?
98064
In base 14, what is -88bc - -209d?
-681d
In base 15, what is 95b5 - -4b1?
9a76
In base 12, what is 1b7b5b2 - -3?
1b7b5b5
In base 16, what is -2e5595 - -4?
-2e5591
In base 5, what is 102322 + 2021102?
2123424
In base 14, what is 75b81c5 - 5?
75b81c0
In base 16, what is 2 + 2303e5?
2303e7
In base 2, what is -1011100010100011111 - -10?
-1011100010100011101
In base 9, what is -731266 - 75?
-731352
In base 3, what is 11 + -1100101101110?
-1100101101022
In base 9, what is -507344 - 2717?
-511162
In base 6, what is 100555523244 + 2?
100555523250
In base 12, what is 19 + 877768?
877785
In base 13, what is -247949 - -44?
-247905
In base 13, what is 6ac - 950c?
-8b30
In base 6, what is 43 + 515311212?
515311255
In base 2, what is 1000010001111011100000 - -1?
1000010001111011100001
In base 16, what is bcd - 23a8f?
-22ec2
In base 15, what is -3 - -340407?
340404
In base 14, what is -3 - -40aab4a?
40aab47
In base 3, what is 12 - -20011210012?
20011210101
In base 14, what is 5 + 1a763bb?
1a763c2
In base 2, what is 100101 - 10000010110011000101000?
-10000010110011000000011
In base 16, what is -a + -228c2c2?
-228c2cc
In base 6, what is 52 - -4514422?
4514514
In base 7, what is 12 - -412563060?
412563102
In base 10, what is -4 + -1756043?
-1756047
In base 10, what is 4390967 + 46?
4391013
In base 6, what is 1 - -15241033?
15241034
In base 11, what is -30282086 + -6?
-30282091
In base 13, what is 225c + 1763?
39c2
In base 15, what is 1 - -3713366?
3713367
In base 8, what is -2206 + -62231?
-64437
In base 6, what is -2141435201 + -4?
-2141435205
In base 9, what is -174210 + -330?
-174540
In base 4, what is -212332221300 - 0?
-212332221300
In base 2, what is 100 - 11011101001110110010?
-11011101001110101110
In base 14, what is -4da7 - -2432?
-2975
In base 10, what is 0 - -28681678?
28681678
In base 4, what is 101 - 100010212120?
-100010212013
In base 4, what is 10 + -132320112330?
-132320112320
In base 13, what is -307 + -2650?
-2957
In base 14, what is a5c98 - -4c?
a5d06
In base 4, what is 11 - -231223020?
231223031
In base 16, what is 1e + c4b95?
c4bb3
In base 5, what is 34330030 + -21?
34330004
In base 16, what is -9f0f1 + 4?
-9f0ed
In base 14, what is -3a095c + 30?
-3a092c
In base 2, what is -1001001110100110111 + -11010?
-1001001110101010001
In base 12, what is -138748 - -84?
-138684
In base 3, what is -100100212221221210 - -120?
-100100212221221020
In base 8, what is -411 + 10002071?
10001460
In base 5, what is 23433 + -1324?
22104
In base 5, what is -3 - -2243034301?
2243034243
In base 16, what is 143d - 890?
bad
In base 5, what is 11204233 + 44333?
11304121
In base 15, what is 53 + b77973?
b779c6
In base 3, what is -10022211 - 12021020101?
-12101120012
In base 5, what is 22 - 12101303143?
-12101303121
In base 7, what is -10643 + 215561?
204615
In base 9, what is 4 - 3662841?
-3662836
In base 16, what is 12 + -e28e4b?
-e28e39
In base 2, what is 1100100 - 1111000001000101?
-1110111111100001
In base 10, what is 257 + 901178?
901435
In base 10, what is -3902488 - -13?
-3902475
In base 15, what is -33 - 597570?
-5975a3
In base 7, what is 1566015155 + 3?
1566015161
In base 7, what is 422024241 - 14?
422024224
In base 8, what is -6222710 + -10?
-6222720
In base 11, what is -3 + -1074711a?
-10747122
In base 9, what is 32 + 2063014?
2063046
In base 7, what is 1635000 + -3231?
1631436
In base 16, what is -51 + -1ab28f?
-1ab2e0
In base 5, what is 1203 + -134311440?
-134310232
In base 6, what is 3 - 21100103404?
-21100103401
In base 16, what is 8c + -10d27?
-10c9b
In base 15, what is -147 - -5c279?
5c132
In base 8, what is 53 + 13745405?
13745460
In base 3, what is -2 - 100001112121011120?
-100001112121011122
In base 3, what is 1110 + 112202200022?
112202201202
In base 11, what is -67483 - -255?
-67229
In base 7, what is 65 - 2204640?
-2204542
In base 2, what is -11111001001110001100 + -11001110?
-11111001010001011010
In base 10, what is 42076114 - 2?
42076112
In base 6, what is 24135 + -314233?
-250054
In base 4, what is 203020 + 110132330?
111002010
In base 3, what is -2212022 + -11100020?
-21012112
In base 7, what is 1206 + -5365146?
-5363640
In base 12, what is -3 + 1411121?
141111a
In base 11, what is -6 + -4748a4?
-4748aa
In base 7, what is -10 - -23515014?
23515004
In base 9, what is -132078 - -6?
-132072
In base 7, what is -20453446 - -1?
-20453445
In base 5, what is -12340331010 - -1?
-12340331004
In base 15, what is 6ab - 18476?
-17cba
In base 4, what is 2 + -112212032102?
-112212032100
In base 16, what is 129f15 + 345?
12a25a
In base 10, what is -432032 - 13?
-432045
In base 14, what is 3bcbb + -106a?
3ac51
In base 6, what is 3223242 + -43?
3223155
In base 10, what is -92805 + 646?
-92159
In base 9, what is 15350 + 6555?
23015
In base 16, what is -4 + 457e202?
457e1fe
In base 4, what is -1021022 + -2130?
-1023212
In base 14, what is -6b32a5 + -5b?
-6b3322
In base 7, what is -4 - 105106024?
-105106031
In base 15, what is -9935 - -260?
-96c5
In base 8, what is -635052 + -20?
-635072
In base 6, what is 13130 + -102021?
-44451
In base 15, what is 17560e1 - -1?
17560e2
In base 11, what is 97260a0 + -2?
9726099
In base 10, what is -441829274 - -4?
-441829270
In base 11, what is -4 + 1232915?
1232911
In base 10, what is 1754643 + 18?
1754661
In base 4, what is -30223121113 - 2001?
-30223123120
In base 12, what is -6911191b - -1?
-6911191a
In base 13, what is 5c5393 - 4c?
5c5344
In base 5, what is